 9?
9
Let d(f) = f**3 + 2*f - 2. Suppose -4*x - 4*c = -4, -10 = -4*x + 4*c + 2. Let t be d(x). Calculate the greatest common divisor of 70 and t.
10
Let w(v) be the first derivative of v**4/4 - v**3/3 - 2*v + 2. Let l be w(2). What is the greatest common divisor of 3 and l?
1
Suppose 28 = 4*b - 4*l, 2*b - 5*l + 8*l - 4 = 0. Let u = b - 8. Let y be (33*(-3)/u)/1. Calculate the greatest common factor of 3 and y.
3
Let g(f) be the first derivative of f**3/3 - 5*f**2/2 + 6*f - 2. Let k be g(4). Suppose -a + 108 = k*a. Calculate the highest common divisor of 90 and a.
18
Let b be (-1 + 2)*1 - -29. Let k = b + -14. Let q(x) = -x**2 - x + 8. Let u be q(0). What is the highest common divisor of k and u?
8
Let h be 1*(1 - -2 - 0). Suppose -h*k = -7*k + 160. What is the greatest common divisor of k and 16?
8
Suppose 0 = 3*p + 4*k - 26, 2*k + 2*k = -4*p + 28. Suppose -14 = -p*f - 2. Suppose 2 = 2*u - f. Calculate the greatest common factor of u and 6.
2
Let o be 14*1*1 - 1. Let m be (-3475)/(-30) + -12 + 2/12. Calculate the highest common factor of m and o.
13
Let t(j) = -j. Let q be t(0). Suppose h + h - 24 = q. Let n be (-1)/2 - (-219)/6. What is the greatest common factor of h and n?
12
Let v be (-63)/(-15)*(1 - -4). What is the highest common divisor of v and 14?
7
Suppose -8*m - 40 = -4*m. Let l = m - -182. Suppose 2*c = 2*y + 29 - 213, c - l = -2*y. Calculate the highest common factor of 8 and y.
8
Suppose -3*f = -2*f. Let y(s) = -2*s + 16. Let c be y(f). What is the greatest common factor of c and 2?
2
Suppose 8 - 160 = -2*k + 2*x, -k - 5*x = -82. Calculate the greatest common divisor of 11 and k.
11
Let q = 2 + 1. Suppose 3*j = -9, 0 = t + j + q*j. Let c(a) = 2*a - 9. Let f be c(6). What is the highest common divisor of t and f?
3
Suppose 5*u - 87 - 333 = 0. Calculate the highest common factor of u and 56.
28
Let r be (-3)/12 + (-26)/(-8). Suppose 15 = 3*c - r. Suppose -4*u = -3*u - 6. Calculate the greatest common divisor of u and c.
6
Let u = -359 + 1569. Suppose -u = -8*t + 3*t. Calculate the greatest common divisor of t and 22.
22
Suppose 2*n - 23 = -5*f + 2*f, 1 = 4*n - 3*f. Let c(q) = -2 - 16*q - 3 + n. Let r be c(-1). Calculate the highest common divisor of 6 and r.
3
Let w(x) = -7*x - 4. Let a be w(-2). Let v be 4/10 + (-448)/(-5). What is the highest common divisor of v and a?
10
Suppose 4*f + 2*g - 70 = 0, -5*f - 4*g + 32 = -57. What is the greatest common divisor of 85 and f?
17
Let f(p) = -p + 1. Let c be f(-1). What is the highest common factor of c and 16?
2
Let l be 0 - ((-4 - 0) + -66). Calculate the highest common divisor of l and 14.
14
Suppose -4*g + g + 98 = 5*d, -g = -3*d + 70. Let z = -39 + 72. Calculate the highest common factor of z and d.
11
Suppose -28 - 192 = -5*a. Let z = 12 - 9. Suppose 7 = -z*l + 19. Calculate the highest common factor of a and l.
4
Let o(h) = -38*h + 1. Let d be o(3). Let x = -57 - d. Suppose -b + 2 + 5 = 0. Calculate the greatest common divisor of x and b.
7
Let r(h) = -2*h - 5. Let d be r(-5). Let a(b) = 2*b - 6. Let s be a(d). Calculate the highest common divisor of s and 36.
4
Suppose 3*c - 98 = 13. Suppose -c = -4*j + 3. What is the highest common factor of j and 15?
5
Suppose 10*l - 24 = 8*l. Suppose 4*d + 2*n - 120 = 0, -4*d - 3*n = -0*d - 120. What is the greatest common factor of l and d?
6
Let f be (-3)/(-6) - 249/(-6). What is the greatest common factor of f and 14?
14
Let g(r) = -1 - r**3 - r**2 - r**2 - 2*r**2 + 11*r. Let q be g(-6). What is the highest common divisor of q and 35?
5
Let h = -31 + 52. Calculate the greatest common divisor of 168 and h.
21
Let l = 1 - -1. Suppose -4*i = -l*r + 2, -3*i + 5 = -r + 6*r. Suppose -3*v + 2*v + 6 = i. What is the greatest common factor of 2 and v?
2
Let y = 18 - 12. Let s be (38/y)/(1/3). What is the highest common divisor of s and 95?
19
Suppose -z + 9 = 1. Calculate the greatest common divisor of z and 24.
8
Let g(b) = b**3 + 4*b**2 - 3*b + 3. Let s(i) = i**2 - 3*i. Let k be s(4). Let a be g(k). Let r = -47 + a. What is the greatest common divisor of 9 and r?
9
Let f(k) = -k**2 - k - 59. Let o be f(0). Let s = -36 - o. Suppose 4*i + w = s, -i + w = -2*w - 9. Calculate the highest common divisor of i and 42.
6
Suppose x - 45 = -4*x. Let c(k) be the third derivative of 7*k**4/24 - k**3/2 + k**2. Let h be c(x). What is the highest common divisor of 24 and h?
12
Let w = 96 + -93. What is the greatest common divisor of w and 1?
1
Let b(g) be the first derivative of g**3/3 - 6*g**2 + 2*g + 10. Let l be b(12). What is the highest common factor of l and 16?
2
Let w = -19 + -1. Let v = w - -28. What is the highest common divisor of v and 12?
4
Suppose 7 = 2*a - 17. Let g = a + -7. Calculate the highest common divisor of g and 40.
5
Let v(b) = -b**3 + 3*b**3 - 3*b**3 + 5 - 4 - b**2 + b. Let m be v(-2). Calculate the greatest common factor of m and 6.
3
Let d be (-2)/(-1) + 0/(-1). Let z be ((-5)/d)/((-3)/108). Let j be (-800)/(-44) + (-8)/44. Calculate the highest common factor of j and z.
18
Suppose -2*p + 4*u + 230 = p, -5*p + 3*u + 376 = 0. Suppose 4*y = -10 + p. Calculate the highest common factor of 176 and y.
16
Suppose 9 = 3*m - 3*b - 0, -3*b = 4*m + 16. Let o = m + 10. What is the greatest common divisor of 81 and o?
9
Let s be ((-572)/(-6))/(0 - 4/(-6)). Let j be 13 - (0/1)/3. Calculate the greatest common divisor of s and j.
13
Let c be 7 + 1 + 1 + 1. Let l(m) = m**3 - 10*m**2 - m + 9. Let y be l(c). Let s be 2 + ((-22)/(-2) - y). What is the greatest common factor of 2 and s?
2
Suppose -3*u + 2*l - 4*l + 5 = 0, -2*u = -l - 8. What is the greatest common divisor of u and 69?
3
Let a(h) = 5*h + 3. Let g be a(4). Let y(w) = -w**2 - 2*w + 4. Let k be y(-5). Let s = g + k. Calculate the highest common divisor of s and 24.
12
Suppose g - 3*x = -4*x + 64, -3*g = 5*x - 194. What is the greatest common divisor of g and 7?
7
Suppose 4*m - 1 = -4*a + 115, 0 = 5*a - 3*m - 169. Let z = 1 - -2. Suppose 5*c + 0*c + 25 = 0, 27 = 3*q - z*c. Calculate the greatest common factor of q and a.
4
Suppose -210 = -5*p + k + 92, 0 = -4*p + 3*k + 246. Calculate the greatest common factor of 24 and p.
12
Let p = 49 - 35. Calculate the highest common factor of p and 70.
14
Let b = 14 - 7. Calculate the highest common factor of 7 and b.
7
Suppose -4*c = 4*c - 8. What is the greatest common divisor of 2 and c?
1
Suppose 96 = 2*m + 2*v, 0 = -5*m + 2*v + 3*v + 210. Calculate the greatest common factor of m and 5.
5
Suppose 0 = 2*p - 3*p - 4. Let v be p/(-10) - 371/(-35). Calculate the highest common divisor of 110 and v.
11
Let u(g) = 4*g**2 + 9*g + 41. Let i be u(-8). Calculate the highest common factor of i and 25.
25
Suppose s + 5*n = 3*s - 28, 16 = 5*s + n. Suppose 0*u - 28 = -u. What is the highest common divisor of u and s?
4
Let l(q) be the second derivative of q**4/12 - 7*q**2 - 7*q. Let z be l(6). Calculate the highest common factor of 2 and z.
2
Let n(s) = s**3 - 6*s**2 + 6*s - 7. Let w be n(6). Suppose 4 + w = 3*u. What is the greatest common factor of u and 88?
11
Let f be 0/2 - (10 + 8). Let q be ((-4)/6)/(4/f). What is the highest common factor of 3 and q?
3
Suppose 13*r = 19*r - 6. What is the highest common factor of r and 11?
1
Suppose 0*p + 4*h = -4*p - 408, 0 = 2*p - 2*h + 188. Let r be ((-2)/4)/(7/p). What is the greatest common factor of 7 and r?
7
Let g(d) = -4*d - 28. Let y be g(-12). What is the highest common divisor of y and 180?
20
Let h(u) = -u**2 - 15*u - 14. Let o be h(-14). Let w = 2 + o. What is the greatest common factor of 6 and w?
2
Let r(l) = 4*l - 5. Let f be r(5). Let g = -4 + 10. What is the highest common factor of g and f?
3
Let f(q) = -q + 19. Let s be f(0). Let l = -18 + s. Let i(c) = -c**3 - 5*c**2 - c. Let n be i(-5). What is the highest common factor of n and l?
1
Let c = -3 + 15. What is the highest common divisor of 84 and c?
12
Suppose 4*t - 38 = -j, j - 62 = t + t. What is the greatest common divisor of 36 and j?
18
Suppose 0 = -3*h + 6*h - 150. Let q(y) = -y**2 - 10*y - 3. Let x be q(-8). Let o = 7 + x. Calculate the greatest common factor of h and o.
10
Suppose -5*l = -5*s - 0*l + 80, -2*l = -s + 16. Suppose 5*w - s = 14. Suppose -4*r = 1 - 9. Calculate the greatest common factor of r and w.
2
Suppose -3*p + 140 = p. C